What is the thousands digit of a?
5
Suppose 30*c - 28*c - 5126 = 5*z, 3*c + 2*z = 7670. What is the units digit of c?
8
Let g be (-3)/(-6)*310 + (-8)/4. Suppose -y = -3*a + 362, 2*a + 7*y = 2*y + 247. Let n = g - a. What is the units digit of n?
2
Suppose -9*s = -39*s + 277020. What is the units digit of s?
4
Suppose 8 = h - o, -2*o - o = -2*h + 12. Suppose 30*q + s = 26*q + 53, 10 = 3*q + 5*s. Suppose q*t - 579 = h*t. What is the units digit of t?
3
Let h(l) = -l**3 - 3*l**2 - 3. Suppose b + 4 - 1 = 0. Let v be h(b). What is the tens digit of (12 + (-3)/3)/(v/(-27))?
9
Let i = -83 + 103. Suppose 0 = -5*w + 6*k - 3*k - 72, 0 = 5*k - i. Let b = w + 85. What is the tens digit of b?
7
Suppose 3*w = z + 3, -z - w + 0 + 1 = 0. Suppose z = -5*q + 459 - 94. Suppose i + 91 + 154 = 3*j, -q = -j - 4*i. What is the units digit of j?
1
Let i be ((-14)/((-308)/9603))/((-6)/(-16)). Let a = -32 + i. What is the tens digit of a?
3
Let a(t) be the second derivative of t**4/12 + t**3/3 + 67*t**2/2 + 11*t + 2. What is the tens digit of a(0)?
6
Let y(j) = -10086*j + 717. What is the thousands digit of y(-5)?
1
Let d(y) = -269*y + 3. Let x be d(-6). Suppose -18*a + x = -3135. What is the units digit of a?
4
Let n = 12170 + -3105. Suppose -25*l + 74*l = n. What is the hundreds digit of l?
1
Let p = 205 + -641. What is the hundreds digit of (243/(-162))/(3/p)?
2
Let d be (-18)/2 + 123858/42. Suppose -x - 3*s = -984, x + 3*s = 4*x - d. What is the hundreds digit of x?
9
Suppose -296 = 6*y - 7*y. Suppose -k - 5 = -4*n, 5*n - 3 - 7 = 2*k. Suppose 4*m - 222 = -3*q, n*q - m = -4*q + y. What is the tens digit of q?
7
Let z = -94 - -123. Let g = z + -49. Let j = g + 105. What is the tens digit of j?
8
Suppose 10*b - 13491 = -4*k + 13*b, -3*b - 16866 = -5*k. What is the hundreds digit of k?
3
Let n = 3816 - -2283. What is the units digit of n?
9
Suppose 0 = 5*g + 12*v - 8*v + 6278, -4*g + 5*v = 5006. Let p = 2261 + g. What is the tens digit of p?
0
What is the units digit of -5 + 205455/15 + 4/(-2 + 1)?
8
Let p(g) be the second derivative of 13*g + 1/6*g**4 + 5*g**2 + 0 - 1/3*g**3 + 3/20*g**5. What is the tens digit of p(3)?
0
Let k = 12341 + -4901. Suppose 0 = -t - 7*t + k. What is the tens digit of t?
3
Let b(t) = 3*t**2 + 9*t + 13. Let n be b(-8). Let m = -52 + n. What is the units digit of m + (-6 - 16/(-4))?
9
Let g = -13790 - -24238. What is the hundreds digit of g?
4
Let z(t) = 2*t + 126. Let r be z(0). Suppose r = 2*w - 3*m, -4*m = -4*w - m + 240. Suppose 2*a - 5*a = -w. What is the units digit of a?
9
Let w = 9014 + -1940. Suppose -w = s - 7*s. What is the thousands digit of s?
1
Let u(z) = 4*z**3 + 117*z**2 - 56*z + 91. What is the units digit of u(-27)?
4
Suppose -3*l + 3*k + 89127 = 0, -27*k = -4*l - 26*k + 118854. What is the tens digit of l?
1
Suppose 0 = -3*t, -3*j + 4*t = -982 - 437. What is the tens digit of 211990/j + 2/(-11)?
4
Let c(q) = q**3 - 16*q**2 + 5*q + 2. Let f(p) = -p**3 + 13*p**2 + 15*p + 2. Let h be f(14). What is the tens digit of c(h)?
8
Let n be (-3)/5 + ((-198)/(-30) - 4). Suppose 25 = 5*g + 3*t, 4*g - n*t + 12 = 2*t. Suppose 5*r - 145 = -5*l - 0*l, r = g. What is the tens digit of l?
2
Let t(x) = -214*x - 109. Let l(q) = -427*q - 219. Let w(f) = 4*l(f) - 7*t(f). What is the hundreds digit of w(-7)?
3
Suppose -n - 109 = -5*f, -f - 46 = -3*f - 2*n. Let v(c) = f*c + 3 + 47*c - 55*c. What is the tens digit of v(6)?
8
Let f be 10/(-5)*(-3298)/4. Suppose 5*c - 3*a = 1902, 2*a - f = -4*c - 123. What is the hundreds digit of c?
3
Let q(a) = -2*a**2 - 19*a - 4. Let f be q(-9). Suppose -1371 = f*l - 8*l. What is the hundreds digit of l?
4
Let t(s) = 6*s**3 - 3*s - 11. Let p be t(5). Let b = p - 375. Let h = b + -171. What is the units digit of h?
8
Let f(l) = 0*l + 0*l**2 + 5 + l**2 + 4*l**2 + 11*l + 22*l. What is the tens digit of f(-8)?
6
Suppose 20*y = 18*y - 118. Let k = y + 91. Suppose 2*t - 185 = -g + k, -107 = -t - g. What is the tens digit of t?
1
Suppose -2*i + y + 6 = 0, i + 3*y + 8 = 2*i. Let u = i - -211. What is the hundreds digit of u?
2
What is the thousands digit of (-6)/87 + (5 - 26334607/(-377))?
9
Let t = 3730 + 3489. What is the hundreds digit of t?
2
Let q(w) = 6*w**2 + 6*w**2 - w**2 - 23 - 10*w**2 + 18*w. What is the units digit of q(28)?
5
Suppose 141*g - 140*g - 7 = 0. Suppose -g*h + 11*h = 624. What is the hundreds digit of h?
1
Suppose -3*x = 5*r - 24692, -r - 1014 + 5942 = -2*x. What is the thousands digit of r?
4
Suppose 5*c - 1154 = 11236. Suppose 46*i + c = 53*i. What is the hundreds digit of i?
3
Let t(g) = g**2 - 3*g + 40. Suppose 0 = 5*v - 4*c + 595, -3*v + c - 384 = 4*c. Let a = 115 + v. What is the hundreds digit of t(a)?
1
Suppose 3*j - 5*q + 76405 = 8*j, -2*j + 4*q + 30562 = 0. What is the hundreds digit of j?
2
Let j(f) = -46*f + 8. Let b be (-5)/(-60) - 1155/36. What is the units digit of j(b)?
0
Let y(t) = -t**2 - 20*t - 46. Let v be y(-22). Let f be (-320)/(-18) - 20/v. What is the tens digit of (-4)/(-6)*945/f?
3
Let s(d) = 3541*d - 3757. What is the hundreds digit of s(10)?
6
Let v(g) = 5*g**3 - 2*g**2 + 5*g + 14. What is the units digit of v(10)?
4
Suppose -4*v = -2*i + 53154, -111*v = 3*i - 112*v - 79766. What is the tens digit of i?
9
Let y be 4083 + -12 + (-10)/2. Suppose 1390 = 16*i - y. What is the units digit of i?
1
Suppose 0*a = 4*a - 4*f - 1228, 3*a - 2*f = 916. Let x = -109 + a. What is the tens digit of x?
9
What is the hundreds digit of (-7894)/(-1) - (-6 + 30/10)?
8
Let v = 12525 - -22698. What is the units digit of v?
3
Let f(z) = 2726*z**2 - 84*z + 5. What is the hundreds digit of f(2)?
7
Suppose -24*d + 2787 = 7563. Let x = d + 439. What is the units digit of x?
0
What is the tens digit of (-11 + (-99105)/(-135))*9?
0
Suppose -3*i + 9 = 0, -6 = -3*x - 3*i + 3. Let m(z) = 47*z + 14 + 32 - 46*z. What is the units digit of m(x)?
6
Suppose 0 = -r + 3*u + 50, -r - 4*u = -6*r + 217. Suppose -4*k = -5*b + 2*b + 27, 4*b - 4*k - 32 = 0. Suppose -b*l = -r - 234. What is the units digit of l?
5
Suppose 0 = q - 4*s - 1 - 2, 0 = -2*q + 4*s + 18. Let j be q/9 + 0 - (-4)/12. What is the hundreds digit of (22/6)/(j/78)?
1
Suppose -154030 = -4*l - 5*x, -173*l = -177*l + 2*x + 154044. What is the hundreds digit of l?
5
Let z(g) = g - 5. Let q be z(18). Suppose 4*s - 23 = q. Suppose s*o = 6*o + 18. What is the units digit of o?
6
Suppose -10*r - 57 = -117. Suppose -2289 = -r*b - 147. What is the hundreds digit of b?
3
Suppose 36634*l - 991431 = 36613*l. What is the ten thousands digit of l?
4
Let v(m) = 5*m + 10. Let l be (-2)/(-5) - (-4)/((-20)/17). Let p = l + 21. What is the units digit of v(p)?
0
Let l(n) = -n**3 - 16*n**2 - n - 10. Let m be -15 + (2 - (2 - -1)). Let g be l(m). Suppose 2*q = 18 + g. What is the tens digit of q?
1
Let h be 10322/10 + 318/(-265). Let x = 1770 - h. What is the tens digit of x?
3
Let x(t) = -10138*t + 418. What is the hundreds digit of x(-1)?
5
Suppose -26709750 = -81*v - 294*v. What is the hundreds digit of v?
2
Let o = 62 + -39. Let l = 67 - o. Let g = -6 + l. What is the units digit of g?
8
Let f = 76092 - 43379. What is the hundreds digit of f?
7
Suppose -91720 - 45137 = -49*w. What is the hundreds digit of w?
7
Suppose -s = -3 - 3. Let w = s - -1. Suppose 10*z - 81 = w*z. What is the units digit of z?
7
Let x be ((-96)/(-90)*129)/(4/10). Let f = x - 241. What is the hundreds digit of f?
1
Suppose -6*q = 6909 + 3939. Let w = -2740 - q. What is the tens digit of (2/(-5))/(3 + w/310)?
6
Suppose 35*t = 162550 - 17615. What is the thousands digit of t?
4
Let i(o) = -1159*o**2 + 1164*o**2 - 4 + 84*o**3 - 6*o + 1. What is the tens digit of i(2)?
7
Let c(w) = w**2 + 20*w + 57. Suppose 0 = x + 5*g - 15, -3*x - 4*g = -6*g - 11. Suppose -53 + x = 2*b. What is the tens digit of c(b)?
5
Let r = 51 - 46. Suppose 11 = 3*l - 2*h, -l + 2 + 13 = r*h. Suppose -4*a + 3 + 5 = l*q, -5*q = 0. What is the units digit of a?
2
Suppose -3*x + 77 - 53 = 0. Suppose 0 = 13*k - x*k - 1345. Suppose 8*q - 9*q + k = 0. What is the tens digit of q?
6
Suppose 2*c - 19 - 11 = 0. Suppose 2*t - 5*t = -c. Suppose -198 = -4*o - 3*q - 26, 5*o + t*q - 215 = 0. What is the units digit of o?
3
Suppose -5706 = -47*b - 1523. Suppose -85*q + b*q - 4268 = 0. What is the tens digit of q?
6
Let l(p) = -84 + 342 + 2